d 72.
9
Let q(z) = z**3 + 2*z - 6. Let v be q(2). Suppose 0*l + 3*l = 45. Calculate the highest common factor of v and l.
3
Let m be ((-6)/8)/((-3)/12). Suppose -3*n = 4*d - 136, m*n + 39 - 180 = -3*d. What is the greatest common divisor of n and 39?
13
Let k(n) = -50*n + 428. Let j be k(8). Let m(c) = -c**3 + c**2 + c + 42. Suppose 0*r = -2*r. Let l be m(r). What is the highest common divisor of l and j?
14
Suppose -3*t + 7*t = k - 335, -5*t + 618 = 2*k. Suppose v + 5*a = a + 319, v - 3*a = k. What is the greatest common divisor of v and 29?
29
Let r(p) = 15*p + 9. Let a be r(1). What is the greatest common divisor of 300 and a?
12
Let f = 32 + -10. What is the greatest common divisor of f and 44?
22
Let p be -50*(-3 - -3*6/4). Let c be ((-7)/((-140)/p))/(2/(-32)). Calculate the greatest common divisor of 15 and c.
15
Let x = 57 - 1. Suppose -5*y + 30 = -2*k, -1 = 3*y - 5*k - 0. What is the highest common divisor of x and y?
8
Let u be ((-8)/(-2))/(1/2). Suppose -2*y + 24 = u. Let b(x) = 7*x - 1. Let f be b(3). What is the greatest common divisor of y and f?
4
Suppose s - 6 = -3*p, 3*s - 3 = 4*p + 80. Suppose 3*x - 51 = -s. What is the greatest common divisor of 25 and x?
5
Let k be ((49 + -3)*1)/(6 + -8). Let f = k - -59. What is the highest common factor of f and 6?
6
Suppose 4*y + 5*v - 12 = v, 2*y - 2*v = 10. Suppose y*j - 1 = 307. What is the greatest common divisor of j and 22?
11
Suppose o + 0*o - 39 = -4*y, 78 = 3*o - y. Calculate the greatest common divisor of o and 216.
27
Let f be -16*10/(-200) + 416/5. Calculate the highest common factor of 28 and f.
28
Suppose -4*c = -2 - 10. Suppose -k + 51 = -c*l, -4*k + l + 3*l = -212. Let x = -13 + 49. Calculate the highest common divisor of x and k.
18
Let s be 1376/215*3*5*3. What is the highest common factor of 36 and s?
36
Let a(b) = b + 5. Let u be a(-6). Let l = u + 23. Let r be 1 + (1 - 0)/(8/8). What is the highest common divisor of r and l?
2
Let s(a) = 3 - 6 + 6 - a**2 + 7*a + 4. Let d = -15 - -21. Let z be s(d). What is the greatest common factor of 13 and z?
13
Let k(b) = -19*b + 225. Let s be k(0). Calculate the highest common divisor of s and 9.
9
Let p(l) = -l**2 + 9*l - 7. Suppose -q + 13 = 3*o - 7, 3*o + 2*q - 16 = 0. Let j be p(o). Let w = 10 + j. What is the greatest common divisor of 44 and w?
11
Suppose -34 = -6*y - 4. Suppose y*w + 20 = -0*w, -w - 18 = -m. What is the highest common factor of m and 42?
14
Let o(w) be the first derivative of 5*w**4/4 - 2*w**3 + 2. Let m be o(4). Let a = 416 - 388. Calculate the greatest common divisor of a and m.
28
Let v = 37 - 8. Suppose 0 = 5*n + 250*b - 245*b - 415, 0 = -3*b - 12. Calculate the greatest common factor of v and n.
29
Let t be 0*-1*(4 + -3). Let u be 37/(0 + (t - -1)). Let a = u - 23. Calculate the highest common factor of a and 35.
7
Suppose -755 = 53*a - 58*a. Suppose -21 = 5*o - a. What is the greatest common factor of o and 26?
26
Suppose 249 + 3333 = 3*f. Calculate the highest common divisor of 6 and f.
6
Let j = 90 + -3. Suppose 1536 = 40*f + 376. Suppose f = a + l, a - 2*l + j = 4*a. Calculate the greatest common factor of a and 232.
29
Suppose 5*b = 3*l - 61, -5*l + 3*b + 50 + 25 = 0. Let w(j) = 12*j + 504. Let r be w(-31). What is the highest common factor of r and l?
12
Let n(d) = 35*d - 179. Let a be n(7). What is the highest common divisor of 110 and a?
22
Let f be 8*(-12)/16*(-32 + 1). Calculate the greatest common divisor of 6 and f.
6
Suppose -2*q + q = 30. Let s = 35 + q. What is the greatest common factor of 45 and s?
5
Suppose 9*u - 5*u = 4. Let s be 269/(5/5)*u. Let r = 445 - s. Calculate the highest common divisor of r and 16.
16
Let c(h) = 1 - 27*h - 6 - h**3 - 5 + 13*h**2 + 19*h. Let q be c(12). What is the highest common divisor of q and 38?
38
Let l be (3/(-9))/(8/(-1536)). What is the greatest common factor of 88 and l?
8
Suppose 19*a = -1227 + 3621. What is the greatest common divisor of 162 and a?
18
Let p(y) = y**3 - 6*y**2 + 3*y + 7. Let x be p(6). Suppose -19*a + 2*s - 38 = -23*a, 0 = 2*s + 2. What is the greatest common factor of a and x?
5
Let c(t) = -53*t**2 - t**3 + 6*t**3 - 2*t + 3 + 50*t**2. Let w be c(3). What is the highest common divisor of 35 and w?
35
Let c = -310 - -508. Calculate the highest common factor of 66 and c.
66
Let q = -230 - -395. What is the greatest common divisor of q and 99?
33
Suppose 2 + 8 = m + 4*x, 2*m = 5*x + 33. Let u(a) = 49*a**2 - 1. Let y be u(2). Let c = y + -139. Calculate the highest common factor of m and c.
14
Let z(a) = 2*a**2 - 3*a - 1. Let w be z(3). Let v = 5 - 39. Let p = 38 + v. Calculate the highest common factor of p and w.
4
Suppose 44*a + 4176 = 53*a. What is the greatest common factor of a and 32?
16
Let g = -15 - -37. Let y = g - 7. What is the greatest common factor of y and 3?
3
Let w = -15 + 47. Calculate the highest common divisor of w and 1.
1
Let d(c) = 286*c**3 + c - 1. Let a be d(1). What is the greatest common factor of a and 26?
26
Suppose -c - 5*b + 1 = -4, 5*c = 4*b + 25. Suppose -3*h = 3*y - 45, -h + c*y = 2*h - 69. What is the highest common divisor of h and 2?
2
Let v = 6 - -55. Let k = v - 1. What is the highest common factor of k and 20?
20
Let t(u) = -2*u**3 - 46*u**2 - 54*u - 84. Let i be t(-22). What is the greatest common divisor of i and 340?
68
Suppose -3*a - 4*a = -161. Calculate the greatest common divisor of 115 and a.
23
Let f be (-43 - -41 - -2*199) + 0. Calculate the highest common factor of 504 and f.
36
Suppose 5*a - 20 = 0, -4*f + 0*a = 3*a - 1548. What is the highest common divisor of 672 and f?
96
Suppose -9*b + 6747 - 2301 = 0. What is the highest common divisor of 38 and b?
38
Let q = 341 + -26. Suppose -4*s = -s - q. Calculate the highest common factor of s and 15.
15
Let w be -3 - -306 - (4 + -6). Let v = w + -206. Calculate the greatest common divisor of v and 11.
11
Suppose -5*z + 3*n = -174, -z + 4 = -2*n - 28. What is the highest common divisor of z and 20?
4
Suppose 97 = 12*v + 1. Calculate the highest common factor of 4 and v.
4
Let l be 208/56 + (-2)/(-7). Let o be 45/20 + -3 - (-83)/l. Let y be ((-140)/(-21))/((-2)/(-6)). Calculate the greatest common factor of y and o.
20
Suppose -323 = -2*m - q, -m + 12*q - 11*q = -157. Calculate the greatest common divisor of m and 10.
10
Suppose -7454 = 29*w - 20098. What is the highest common factor of 763 and w?
109
Suppose -53*b - 432 = -62*b. What is the greatest common divisor of b and 1536?
48
Let x(a) = -a**3 - 6*a**2 - 6*a. Let b be x(-6). Suppose -p - b = -7*p. Calculate the greatest common factor of 3 and p.
3
Suppose 4*k = 4*a + 12, 6*k - k + 5*a - 65 = 0. Let o = 2 + -6. Let t be o/3*(-108)/k. Calculate the greatest common factor of 12 and t.
6
Let g be (7 - 6)/(633/210 + -3). What is the greatest common factor of 10 and g?
10
Suppose d - 5*m = 26, 3*d + 12*m - 8*m = 173. What is the greatest common factor of d and 102?
51
Let r(g) = 2*g**3 - 8*g**2 - 6*g - 5. Let h be r(7). Suppose s = -i + 9, 4*i + 5*s - 6*s = 56. What is the greatest common factor of i and h?
13
Let d be 56/(-21)*9/(-6). Let u be (48/28)/(d/70). What is the highest common divisor of 6 and u?
6
Suppose 0 = -3*u - 6, 213*r = 208*r + 4*u + 283. What is the highest common divisor of 352 and r?
11
Suppose 3*o - 33*o + 10800 = 0. Calculate the highest common divisor of o and 144.
72
Let h(t) = -t**3 - t**2 + t + 2. Let d be h(3). Let q = d - -101. Calculate the greatest common factor of 10 and q.
10
Suppose 605*h - 606*h + 416 = 0. What is the highest common factor of 52 and h?
52
Let d(c) = -c**3 - 4*c**2 - 3*c - 4. Let f be d(-4). Let k = f + -8. Let x be (-3 - k)/(6/(-28)). What is the highest common factor of 98 and x?
14
Suppose -21*p + 963 = -633. What is the highest common factor of p and 114?
38
Let f be (-155)/5 - (3 + -3 - 1). Let c = f + 31. Calculate the highest common divisor of 3 and c.
1
Let g(t) = 55*t**2 - 6*t - 11. Let b be g(-2). What is the highest common factor of 17 and b?
17
Let j = 2450 + -2220. What is the greatest common divisor of 368 and j?
46
Let h(p) = -p**3 + 3*p**2 - 2*p - 2. Let r be h(3). Let q(a) = 3*a**2 + 19*a + 8. Let c be q(r). Calculate the highest common divisor of c and 12.
12
Suppose -3*b = c - 10 + 2, 0 = 4*b + c - 10. Suppose b*d +